{"id":27202,"date":"2014-10-20T11:14:58","date_gmt":"2014-10-20T11:14:58","guid":{"rendered":"https:\/\/www.marset.com\/donde-comprar-2\/"},"modified":"2020-01-02T18:12:56","modified_gmt":"2020-01-02T17:12:56","slug":"find-a-dealer","status":"publish","type":"page","link":"https:\/\/www.marset.com\/usa\/find-a-dealer\/","title":{"rendered":"Find a dealer"},"content":{"rendered":"","protected":false},"excerpt":{"rendered":"","protected":false},"author":10634,"featured_media":0,"parent":0,"menu_order":0,"comment_status":"closed","ping_status":"closed","template":"distribuidores.php","meta":{"_acf_changed":false,"_relevanssi_hide_post":"","_relevanssi_hide_content":"","_relevanssi_pin_for_all":"","_relevanssi_pin_keywords":"","_relevanssi_unpin_keywords":"","_relevanssi_related_keywords":"","_relevanssi_related_include_ids":"","_relevanssi_related_exclude_ids":"","_relevanssi_related_no_append":"","_relevanssi_related_not_related":"","_relevanssi_related_posts":"","_relevanssi_noindex_reason":"","footnotes":""},"class_list":["post-27202","page","type-page","status-publish","hentry"],"acf":[],"yoast_head":"<!-- This site is optimized with the Yoast SEO plugin v27.2 - https:\/\/yoast.com\/product\/yoast-seo-wordpress\/ -->\n<title>Find a dealer - Marset USA<\/title>\n<meta name=\"description\" content=\"Find the store closest to you. Lighting, lamps and design.\" \/>\n<meta name=\"robots\" content=\"noindex, follow\" \/>\n<meta property=\"og:locale\" content=\"en_US\" \/>\n<meta property=\"og:type\" content=\"article\" \/>\n<meta property=\"og:title\" content=\"Find a dealer - Marset\" \/>\n<meta property=\"og:description\" content=\"Find the store closest to you. Lighting, lamps and design.\" \/>\n<meta property=\"og:url\" content=\"https:\/\/www.marset.com\/usa\/find-a-dealer\/\" \/>\n<meta property=\"og:site_name\" content=\"Marset\" \/>\n<meta property=\"article:modified_time\" content=\"2020-01-02T17:12:56+00:00\" \/>\n<!-- \/ Yoast SEO plugin. -->","yoast_head_json":{"title":"Find a dealer - Marset USA","description":"Find the store closest to you. Lighting, lamps and design.","robots":{"index":"noindex","follow":"follow"},"og_locale":"en_US","og_type":"article","og_title":"Find a dealer - Marset","og_description":"Find the store closest to you. Lighting, lamps and design.","og_url":"https:\/\/www.marset.com\/usa\/find-a-dealer\/","og_site_name":"Marset","article_modified_time":"2020-01-02T17:12:56+00:00","schema":{"@context":"https:\/\/schema.org","@graph":[{"@type":"WebPage","@id":"https:\/\/www.marset.com\/usa\/find-a-dealer\/","url":"https:\/\/www.marset.com\/usa\/find-a-dealer\/","name":"Find a dealer - Marset","isPartOf":{"@id":"https:\/\/www.marset.com\/usa\/#website"},"datePublished":"2014-10-20T11:14:58+00:00","dateModified":"2020-01-02T17:12:56+00:00","description":"Find the store closest to you. Lighting, lamps and design.","breadcrumb":{"@id":"https:\/\/www.marset.com\/usa\/find-a-dealer\/#breadcrumb"},"inLanguage":"en-US","potentialAction":[{"@type":"ReadAction","target":["https:\/\/www.marset.com\/usa\/find-a-dealer\/"]}]},{"@type":"BreadcrumbList","@id":"https:\/\/www.marset.com\/usa\/find-a-dealer\/#breadcrumb","itemListElement":[{"@type":"ListItem","position":1,"name":"Portada","item":"https:\/\/www.marset.com\/usa\/"},{"@type":"ListItem","position":2,"name":"Find a dealer"}]},{"@type":"WebSite","@id":"https:\/\/www.marset.com\/usa\/#website","url":"https:\/\/www.marset.com\/usa\/","name":"Marset","description":"L\u00e1mparas e Iluminaci\u00f3n de Dise\u00f1o","potentialAction":[{"@type":"SearchAction","target":{"@type":"EntryPoint","urlTemplate":"https:\/\/www.marset.com\/usa\/?s={search_term_string}"},"query-input":{"@type":"PropertyValueSpecification","valueRequired":true,"valueName":"search_term_string"}}],"inLanguage":"en-US"}]}},"_links":{"self":[{"href":"https:\/\/www.marset.com\/usa\/wp-json\/wp\/v2\/pages\/27202","targetHints":{"allow":["GET"]}}],"collection":[{"href":"https:\/\/www.marset.com\/usa\/wp-json\/wp\/v2\/pages"}],"about":[{"href":"https:\/\/www.marset.com\/usa\/wp-json\/wp\/v2\/types\/page"}],"author":[{"embeddable":true,"href":"https:\/\/www.marset.com\/usa\/wp-json\/wp\/v2\/users\/10634"}],"replies":[{"embeddable":true,"href":"https:\/\/www.marset.com\/usa\/wp-json\/wp\/v2\/comments?post=27202"}],"version-history":[{"count":0,"href":"https:\/\/www.marset.com\/usa\/wp-json\/wp\/v2\/pages\/27202\/revisions"}],"wp:attachment":[{"href":"https:\/\/www.marset.com\/usa\/wp-json\/wp\/v2\/media?parent=27202"}],"curies":[{"name":"wp","href":"https:\/\/api.w.org\/{rel}","templated":true}]}}